 r(-2). Let g = 135 - s. List the prime factors of (g/8)/((-6)/16).
2, 3
Let q = -2 + 3. Suppose -3*z + 2*z = q. List the prime factors of 10/((0 + -2)*z).
5
Suppose 2*q = -4*o + 70, 3*q - 67 = -o + 13. What are the prime factors of q?
5
Suppose 6 = 4*p - 2*p. Suppose -4*v + p*v + 5 = 0. What are the prime factors of v?
5
Let m be (4/(-6))/(1/(-12)). Suppose -2*x - 4 + 2 = 0. List the prime factors of m/x*9/(-12).
2, 3
Let j be (-8)/(-28) - 52/(-14). Suppose -j*y + 15 = -y. Suppose -5*l + 33 = 3*o, -l - 12 = -y*l. What are the prime factors of o?
2, 3
Let n = -29 + 42. Let l = n - 5. List the prime factors of l.
2
Suppose -4*g = o - 8 + 88, 5*o = 0. Let x = g - -29. List the prime factors of x.
3
Let i = -2 + 2. Let l(t) = -t + i*t - 3 + 5. List the prime factors of l(-9).
11
Suppose 0 = -3*r - 3*t + 693, -t + 6*t + 483 = 2*r. What are the prime factors of r?
2, 3, 13
Let p(f) = -f**3 + f**2 + f - 2. Let x be p(0). List the prime factors of 3 + (x - -29)/3.
2, 3
Suppose -2*i - i = 5*n - 113, 5*i + 45 = n. Let d be ((-6)/(-5))/(5/n). Suppose -d*w + 2*w + 3*r + 71 = 0, 2*w - 3 = -5*r. What are the prime factors of w?
2, 7
Let m(o) = -2*o - 2. Let g(p) = -4*p - 4. Let j(h) = 3*g(h) - 5*m(h). Suppose -2*k + 4*k = -12. List the prime factors of j(k).
2, 5
Let o(f) = 85*f + 17. What are the prime factors of o(3)?
2, 17
Let y = -25 - -68. Let m = 70 - y. What are the prime factors of m?
3
Let d = 66 + -94. List the prime factors of ((-5)/10)/(1/d).
2, 7
Let d(c) = 3 - 1 - 3*c + 1 + 0. What are the prime factors of d(-3)?
2, 3
Let m = -11 - 45. Let a = -39 - m. What are the prime factors of a?
17
Let m(d) = d**3 + 7*d**2 + d + 6. Let j be m(-7). What are the prime factors of j - (1 + -7 - 0)?
5
Let y(h) = h**2 + 4*h + 8. List the prime factors of y(-5).
13
Suppose 0 = 5*m + 4*n - 29, 0*n - 14 = -3*m + n. Suppose -362 = -m*f - 102. What are the prime factors of f?
2, 13
Let f be (-2)/(-2 + (-88)/(-46)). Suppose -f = -2*l - 3*u - 0*u, 2*u = -3*l + 42. What are the prime factors of l?
2
Suppose 1 = -p + 3. Suppose -4*k - 9 = -o, -2*o + 7 + p = k. Suppose 0 = -4*b + o + 3. What are the prime factors of b?
2
Let l = 115 - 82. What are the prime factors of l?
3, 11
Let o = 8 + 23. List the prime factors of o.
31
Let m = 13 + -6. Let g = m - 7. Suppose -2*p - 2*p - x + 22 = 0, 4*p - 3*x - 30 = g. What are the prime factors of p?
2, 3
Let m(t) = t + 1. Let p be m(-5). Let h(a) = -a**3 - 4*a**2 + 5. Let y be h(p). Suppose 0 = -n + s + 11 - 4, -2*s = y*n. What are the prime factors of n?
2
Suppose -4*f + 3 = -5. Suppose q = f*q. Suppose 0 = -q*w - w + c, -5*c = -10. What are the prime factors of w?
2
Suppose -t + 4*f = -0*t - 19, -t - 4*f = 13. Let k(b) = -b**2 + 15*b + 12. Let p be k(12). Suppose t*d = -d + p. List the prime factors of d.
2, 3
Let h = 395 - 277. What are the prime factors of h?
2, 59
Let g(t) = -t**2 + 5. Let m be g(0). Let k = m + -4. What are the prime factors of 6/k - (6 - 4)?
2
Let p = -21 + 231. List the prime factors of p.
2, 3, 5, 7
Let k = -1 + 1. Suppose k = -y + 6 + 13. What are the prime factors of y?
19
Let k = 42 - -98. List the prime factors of k.
2, 5, 7
Let r be 54/24*(-20)/1. Let k be r*((-24)/(-10) - 3). Let t = 46 - k. What are the prime factors of t?
19
Let n(g) = 3*g**2 + 7*g + 10. What are the prime factors of n(-8)?
2, 73
Let x = 5 + -7. Let d(r) = 3*r**2 - 3*r - 2. Let y be d(x). List the prime factors of -1 + (-1)/((-2)/y).
7
Let k(z) = -z - 1. Let q(i) = -5*i - 1. Let t(x) = -4*k(x) + q(x). Let s(u) = -u**3 - 8*u**2 + u + 8. Let m be s(-8). What are the prime factors of t(m)?
3
Let u(b) = -5*b**3 + 2*b + 6*b**3 + 6*b**2 + 0 - 3. Let w be ((-2)/4)/((-1)/(-10)). What are the prime factors of u(w)?
2, 3
Suppose 0 = o - 0*o - 8. Let y = o + 9. List the prime factors of y.
17
Suppose 4*p + p = 2350. What are the prime factors of p/50 - (-4)/(-10)?
3
Let i be ((-364)/(-6))/((-2)/(-3)). Let t = i + -59. List the prime factors of (-22)/77 - t/(-14).
2
Let h be (30/9)/((-2)/(-3)). Let w be -2 + h + 0 + 2. Suppose -16 - w = -3*i. List the prime factors of i.
7
Suppose -2*t - 2*t + 12 = 0. Suppose 3*b + 23 = 5*b + 5*s, -t = -s. List the prime factors of b.
2
Let f = -46 - -74. List the prime factors of f.
2, 7
Let v be (-144)/(-3) - 0/(-3). Suppose -3*u + 7*u = v. List the prime factors of u.
2, 3
Let k(a) = 3*a - 8. Let m be k(-6). Let x = -16 - m. What are the prime factors of x?
2, 5
Let n(u) = 5*u**2 - 5*u - 1. Let m(z) = -1 + 6*z**2 - z - 5*z + 0*z. Let q(t) = -3*m(t) + 4*n(t). List the prime factors of q(3).
11
List the prime factors of 1181/4 - ((-150)/(-24) - 6).
5, 59
Let l(z) = -z**3 - 8*z**2 + 3*z + 8. What are the prime factors of l(-10)?
2, 89
Let p = 38 + -65. Let n = p + 63. List the prime factors of n.
2, 3
Let g(i) = -i**3 + 7*i**2 + 7*i + 8. Let a be g(8). Suppose l - 3 = -a*l. Suppose -l = -0*q - q. List the prime factors of q.
3
Suppose 2*z = -2*z + 20. What are the prime factors of z?
5
Let m be 4 - ((-8)/(-2) + -1). Let s(o) = 3*o**3 - 1 - 2*o**3 + 5*o**2 - 3*o**2. List the prime factors of s(m).
2
Let i(b) be the second derivative of 3*b + 0 - 2/3*b**3 - b**2. List the prime factors of i(-3).
2, 5
Suppose -16*w = w - 3315. What are the prime factors of w?
3, 5, 13
Let y be ((-2)/6)/((-3)/(-9)). Suppose t - 6*t = -25. Let r = t + y. What are the prime factors of r?
2
Suppose -5*q - f + 29 = 0, 0*f - 16 = -4*q + f. Suppose -a = -0*y - q*y - 13, -a + 4*y + 14 = 0. What are the prime factors of a?
2, 3
Let x(h) = -h**3 - 7*h**2 - 7*h - 6. Let s be x(-6). Suppose -4 + s = r. What are the prime factors of (2/r)/((-2)/24)?
2, 3
Let l(m) = -3*m - 17. List the prime factors of l(-12).
19
Suppose z - 4*q - 11 = 0, 6*q - 5*q = 4*z + 16. Let v = -3 - z. Suppose u + v = 9. What are the prime factors of u?
7
Let o(h) = -h**2 + 39*h + 40. List the prime factors of o(32).
2, 3, 11
Let b = 54 - 20. What are the prime factors of b?
2, 17
Suppose 5*r - 4*k = 231, 2*k = -5*r - 0*k + 237. List the prime factors of r.
47
Let r(t) = t**3 - 8*t**2 + 6*t + 10. Let o be r(7). Suppose 0 = 2*z + 2*c - 4*c - 84, -c = -o*z + 124. List the prime factors of z.
41
Suppose -6 = 2*g - 5*g. Let x(k) = -4*k. Let l be x(g). Let u = l + 19. List the prime factors of u.
11
Let z(d) = -d**2 + 8*d + 3. Let j be z(8). Suppose 51 = 6*y - j*y. Let f = y + 4. What are the prime factors of f?
3, 7
Let n(b) be the first derivative of 3*b**2/2 - b - 1. Let m be n(5). What are the prime factors of m - 4/(0 + 2)?
2, 3
Let x(r) = -r**2 + 9*r - 17. Let y be x(7). List the prime factors of y + 82/2 - 0.
2, 19
Let w(q) = -q**2 - 9*q - 1. Let d be w(-9). Let a = 8 - d. List the prime factors of a.
3
Let m = 1 - -82. Let t = m + -49. List the prime factors of t.
2, 17
Suppose -2*w = d - 351, -w = 5*d + 67 - 229. What are the prime factors of w?
3, 59
Suppose 3*s = -15, 3*b - 2*s = 185 - 43. Let i = b - 22. What are the prime factors of i?
2, 11
Let p(g) = 6*g - 1. Let u be p(5). Let v = u + -13. List the prime factors of v.
2
Let v be ((-3)/6*0)/(-2). Suppose -3*y - 12 = 0, -102 = -3*a + 3*y - v*y. Let n = 43 - a. What are the prime factors of n?
13
Let q(c) = -c**2 - 16*c - 7. Let o be q(-6). Let i = 85 - o. List the prime factors of i.
2
Let p be 7 - -1 - (4 + -1). Suppose -p*k + 48 = 13. List the prime factors of k.
7
Let w be (2/(-4))/(1/(-108)). Let f = 155 - w. Suppose -5*t = -3*d - 103, 4*t + d = -5 + f. List the prime factors of t.
23
Let m be 1 + -1 - (-1 + -2). Let i(f) = 5*f - 5. Let b(a) = -2*a + 3. Let s(k) = m*i(k) + 5*b(k). What are the prime factors of s(1)?
5
Let t = 419 + -274. What are the prime factors of t?
5, 29
Let h(g) = -g + 16. Let v be h(14). Suppose -2*f - v*f - 56 = -4*u, -3*u + 26 = 5*f. List the prime factors of u.
2, 3
Let b be (1 - (-6)/(-4))*0. List the prime factors of (1 + b)*(-15)/(-1).
3, 5
Let k(z) = -6*z. Let t be k(-2). Suppose -3*v = -0*v - t. What are the prime factors of v?
2
Let k(d) = -9*d**2 + 123*d**2 + 33*d**2 + 1. Let n be k(-1). What are the prime factors of n/28 + (-2)/7?
5
Let z = -8 - -8. Suppose i + z*i = 19. List the prime factors of i.
19
Let y be 2/6 + (-136)/(-6). Let p = y + -11. List the prime factors of p.
2, 3
Let h(n) = n**2 + 1. Let q be h(-2). Let a = 9 + q. What are the prime factors of (-4)